{"id":7030,"date":"2020-05-27T14:49:30","date_gmt":"2020-05-27T12:49:30","guid":{"rendered":"https:\/\/www.mntk.es\/bike\/?page_id=7030"},"modified":"2020-05-31T18:50:50","modified_gmt":"2020-05-31T16:50:50","slug":"josemaria-bike-fotos","status":"publish","type":"page","link":"https:\/\/www.mntk.es\/bike\/josemaria-bike-fotos\/","title":{"rendered":"Jos\u00e9 Mar\u00eda Bike I"},"content":{"rendered":"\n<p>En esta colecci\u00f3n de Galer\u00edas tenemos seis grupos de \u00e1lbumes de distintas actividades ciclista de aquella \u00e9poca.<\/p>\n\n\n\n<p>El Bike Jerez ten\u00eda tres d\u00edas de salidas a la semana: los mi\u00e9rcoles, s\u00e1bados y domingos. Cada una con sus diferentes caracter\u00edsticas.<\/p>\n\n\n\n<p class=\"has-medium-font-size\"><strong>Conjunta<\/strong><\/p>\n\n\n\n<figure class=\"wp-block-image size-large\"><img loading=\"lazy\" decoding=\"async\" width=\"1024\" height=\"768\" src=\"https:\/\/www.mntk.es\/bike\/wp-content\/uploads\/2020\/05\/dscn5784-1024x768.jpg\" alt=\"\" class=\"wp-image-7140\" srcset=\"https:\/\/www.mntk.es\/bike\/wp-content\/uploads\/2020\/05\/dscn5784-1024x768.jpg 1024w, https:\/\/www.mntk.es\/bike\/wp-content\/uploads\/2020\/05\/dscn5784-300x225.jpg 300w, https:\/\/www.mntk.es\/bike\/wp-content\/uploads\/2020\/05\/dscn5784-768x576.jpg 768w, https:\/\/www.mntk.es\/bike\/wp-content\/uploads\/2020\/05\/dscn5784-1536x1152.jpg 1536w, https:\/\/www.mntk.es\/bike\/wp-content\/uploads\/2020\/05\/dscn5784.jpg 1600w\" sizes=\"auto, (max-width: 1024px) 100vw, 1024px\" \/><\/figure>\n\n\n\n<p>Los mi\u00e9rcoles por la tarde se reun\u00edan ciclistas de diferentes niveles y habilidades, con salidas algo m\u00e1s corta de duraci\u00f3n pero intensas, en las que a veces ciclistas menos preparados se un\u00edan a las rutas. De ah\u00ed el nombre de Galer\u00eda Conjunta.<\/p>\n\n\n\n<ul class=\"wp-block-list\"><li><a href=\"https:\/\/www.mntk.es\/bike\/conjunta-los-cocodrilos-25-07-2007\/\">Conjunta Los Cocodrilos<\/a><\/li><li><a href=\"https:\/\/www.mntk.es\/bike\/conjunta-lagunas-de-el-puerto-08-08-2007\/\">Conjunta Lagunas de El Puerto<\/a><\/li><li><a href=\"https:\/\/www.mntk.es\/bike\/conjunta-el-polila-15-08-2007\/\">Conjunta El Polila<\/a><\/li><li><a href=\"https:\/\/www.mntk.es\/bike\/conjunta-los-torunos-05-09-2007\/\">Conjunta Los Flamencos<\/a><\/li><li><a href=\"https:\/\/www.mntk.es\/bike\/conjunta-dehesa-de-las-yeguas-10-10-2007\/\">Conjunta Dehesa de las Yeguas<\/a><\/li><li><a href=\"https:\/\/www.mntk.es\/bike\/conjunta-los-flamencos-17-10-2007\/\">Conjunta EL Puerto Santa Mar\u00eda<\/a><\/li><li><a href=\"https:\/\/www.mntk.es\/bike\/conjunta-monte-castillo-31-10-2007\/\">Conjunta Monte Castillo<\/a><\/li><li><a href=\"https:\/\/www.mntk.es\/bike\/conjunta-el-cuadrejon-12-12-2007\/\">Conjunta El Cuadrej\u00f3n<\/a><\/li><li><a href=\"https:\/\/www.mntk.es\/bike\/encuentro-22-09-2007\/\">Encuentro 22\/09\/2007<\/a><\/li><li><a href=\"https:\/\/www.mntk.es\/bike\/los-canales\/\">Los Canales<\/a><\/li><li><a href=\"https:\/\/www.mntk.es\/bike\/conjunta-puente-los-torunos\/\">Puente Los Toru\u00f1os<\/a><\/li><\/ul>\n\n\n\n<p class=\"has-medium-font-size\"><strong>Ordinaria<\/strong><\/p>\n\n\n\n<figure class=\"wp-block-image size-large\"><img loading=\"lazy\" decoding=\"async\" width=\"1024\" height=\"768\" src=\"https:\/\/www.mntk.es\/bike\/wp-content\/uploads\/2020\/05\/DSCN7472-1024x768.jpg\" alt=\"\" class=\"wp-image-7142\" srcset=\"https:\/\/www.mntk.es\/bike\/wp-content\/uploads\/2020\/05\/DSCN7472-1024x768.jpg 1024w, https:\/\/www.mntk.es\/bike\/wp-content\/uploads\/2020\/05\/DSCN7472-300x225.jpg 300w, https:\/\/www.mntk.es\/bike\/wp-content\/uploads\/2020\/05\/DSCN7472-768x576.jpg 768w, https:\/\/www.mntk.es\/bike\/wp-content\/uploads\/2020\/05\/DSCN7472-1536x1152.jpg 1536w, https:\/\/www.mntk.es\/bike\/wp-content\/uploads\/2020\/05\/DSCN7472.jpg 1600w\" sizes=\"auto, (max-width: 1024px) 100vw, 1024px\" \/><\/figure>\n\n\n\n<p>Los s\u00e1bados eran salidas de alto nivel, largos kilometrajes, grandes dificultades, que requer\u00edan ciclistas con resistencia y t\u00e9cnica muy depurada para resistir los desaf\u00edos de la ruta. Constituyen el conjunto de estas galer\u00edas las denominadas ordinaria.<\/p>\n\n\n\n<ul class=\"wp-block-list\"><li><a href=\"https:\/\/www.mntk.es\/bike\/ordinaria-ventorrillo-del-carbon\/\">Ordinaria Ventorrillo del Carb\u00f3n<\/a><\/li><li><a href=\"https:\/\/www.mntk.es\/bike\/ordinaria-medina-25-08-2007\/\">Ordinaria Medina<\/a><\/li><li><a href=\"https:\/\/www.mntk.es\/bike\/ordinaria-el-barrrizal-29-09-2007\/\">Ordinaria El Barrrizal<\/a><\/li><li><a href=\"https:\/\/www.mntk.es\/bike\/ordinaria-la-algaida-sanlucar-06-10-2007\/\">Ordinaria La Algaida Sanl\u00facar<\/a><\/li><li><a href=\"https:\/\/www.mntk.es\/bike\/ordinaria-dehesa-de-las-yeguas-01-12-2007\/\">Ordinaria Dehesa de las Yeguas<\/a><\/li><li><a href=\"https:\/\/www.mntk.es\/bike\/ordinaria-el-anden-16-12-2007\/\">Ordinaria El And\u00e9n<\/a><\/li><li><a href=\"https:\/\/www.mntk.es\/bike\/ordinaria-el-vaporcito-19-01-2008\/\">Ordinaria El Vaporcito<\/a><\/li><\/ul>\n\n\n\n<p class=\"has-medium-font-size\"><strong>Alternativas<\/strong><\/p>\n\n\n\n<figure class=\"wp-block-image size-large\"><img loading=\"lazy\" decoding=\"async\" width=\"1024\" height=\"768\" src=\"https:\/\/www.mntk.es\/bike\/wp-content\/uploads\/2020\/05\/DSCN2080.jpg\" alt=\"\" class=\"wp-image-7143\" srcset=\"https:\/\/www.mntk.es\/bike\/wp-content\/uploads\/2020\/05\/DSCN2080.jpg 1024w, https:\/\/www.mntk.es\/bike\/wp-content\/uploads\/2020\/05\/DSCN2080-300x225.jpg 300w, https:\/\/www.mntk.es\/bike\/wp-content\/uploads\/2020\/05\/DSCN2080-768x576.jpg 768w\" sizes=\"auto, (max-width: 1024px) 100vw, 1024px\" \/><\/figure>\n\n\n\n<p>Los domingos se hac\u00edan rutas abiertas a todo tipo de ciclistas, con cualquier bicicleta vieja o nueva. Eran rutas recreativas normalmente dirigidas por Adolfo Rodr\u00edguez y donde la gente disfrutaba mucho.<\/p>\n\n\n\n<ul class=\"wp-block-list\"><li><a href=\"https:\/\/www.mntk.es\/bike\/alternativa-finca-la-zarza-11-02-2007\/\">Alternativa Finca la Zarza<\/a><\/li><li><a href=\"https:\/\/www.mntk.es\/bike\/alternativa-venta-castora-28-02-2007\/\">Alternativa Venta Castora<\/a><\/li><li><a href=\"https:\/\/www.mntk.es\/bike\/alternativa-el-cuadrejon-04-03-2007\/\">Alternativa El CuadreJ\u00f3n<\/a><\/li><li><a href=\"https:\/\/www.mntk.es\/bike\/alternativa-mesas-de-asta-25-03-2007\/\">Alternativa Mesas de Asta<\/a><\/li><li><a href=\"https:\/\/www.mntk.es\/bike\/alternativa-poblado-san-cristobal-30-05-2007\/\">Alternativa Poblado S\u00e1n Crist\u00f3bal<\/a><\/li><li><a href=\"http:\/\/Alternativa Sendero Venta el Maka 06\/06\/2007\">Alternativa Sendero Venta el Maka<\/a><\/li><li><a href=\"https:\/\/www.mntk.es\/bike\/alternativa-puerto-real-22-07-2007\/\">Alternativa Puerto Real<\/a><\/li><li><a href=\"https:\/\/www.mntk.es\/bike\/alternativa-los-labios-19-08-2007\/\">Alternativa  Los Labios<\/a><\/li><li><a href=\"https:\/\/www.mntk.es\/bike\/alternativa-chipiona-12-01-2008\/\">Alternativa Chipiona 12\/01\/2008<\/a><\/li><li><a href=\"https:\/\/www.mntk.es\/bike\/arcos\/\">Arcos<\/a><\/li><li><a href=\"https:\/\/www.mntk.es\/bike\/nueva-jarilla\/\">Nueva Jarilla<\/a><\/li><\/ul>\n\n\n\n<p class=\"has-medium-font-size\"><strong>Eventos<\/strong><\/p>\n\n\n\n<p>El Bike Jerez organizaba eventos, en esta galer\u00eda tenemos una muestra de algunos de los eventos realizados en aquella \u00e9poca.<\/p>\n\n\n\n<figure class=\"wp-block-image size-large\"><img loading=\"lazy\" decoding=\"async\" width=\"1024\" height=\"768\" src=\"https:\/\/www.mntk.es\/bike\/wp-content\/uploads\/2020\/05\/DSCN0084b-1024x768.jpg\" alt=\"\" class=\"wp-image-7144\" srcset=\"https:\/\/www.mntk.es\/bike\/wp-content\/uploads\/2020\/05\/DSCN0084b-1024x768.jpg 1024w, https:\/\/www.mntk.es\/bike\/wp-content\/uploads\/2020\/05\/DSCN0084b-300x225.jpg 300w, https:\/\/www.mntk.es\/bike\/wp-content\/uploads\/2020\/05\/DSCN0084b-768x576.jpg 768w, https:\/\/www.mntk.es\/bike\/wp-content\/uploads\/2020\/05\/DSCN0084b-1536x1152.jpg 1536w, https:\/\/www.mntk.es\/bike\/wp-content\/uploads\/2020\/05\/DSCN0084b.jpg 1600w\" sizes=\"auto, (max-width: 1024px) 100vw, 1024px\" \/><\/figure>\n\n\n\n<ul class=\"wp-block-list\"><li><a href=\"https:\/\/www.mntk.es\/bike\/dia-de-la-bicicleta\/\">D\u00eda de la bicicleta<\/a><\/li><li><a href=\"https:\/\/www.mntk.es\/bike\/co2\/\">CO2<\/a><\/li><li><a href=\"https:\/\/www.mntk.es\/bike\/bicifestacion-jerez-2007\/\">Bicifestaci\u00f3n Jerez 2007<\/a><\/li><li><a href=\"https:\/\/www.mntk.es\/bike\/pista-de-ciclismo\/\">Pista de ciclismo<\/a><\/li><li><a href=\"https:\/\/www.mntk.es\/bike\/presentacion-de-la-escuela-de-ciclismo\/\">Presentaci\u00f3n de la escuela de ciclismo<\/a><\/li><\/ul>\n\n\n\n<p class=\"has-medium-font-size\"><strong>Rutas especiales<\/strong><\/p>\n\n\n\n<p>Se elaboraban rutas especiales dirijidas por alguno de los miembros m\u00e1s notables del grupo, entre otros las organizadas por Fernando Dom\u00ednguez y Juan Jim\u00e9nez. Podemos contemplarlas en estas galer\u00edas.<\/p>\n\n\n\n<figure class=\"wp-block-image size-large\"><img loading=\"lazy\" decoding=\"async\" width=\"1024\" height=\"768\" src=\"https:\/\/www.mntk.es\/bike\/wp-content\/uploads\/2020\/05\/DSCN3949-1024x768.jpg\" alt=\"\" class=\"wp-image-7147\" srcset=\"https:\/\/www.mntk.es\/bike\/wp-content\/uploads\/2020\/05\/DSCN3949-1024x768.jpg 1024w, https:\/\/www.mntk.es\/bike\/wp-content\/uploads\/2020\/05\/DSCN3949-300x225.jpg 300w, https:\/\/www.mntk.es\/bike\/wp-content\/uploads\/2020\/05\/DSCN3949-768x576.jpg 768w, https:\/\/www.mntk.es\/bike\/wp-content\/uploads\/2020\/05\/DSCN3949-1536x1152.jpg 1536w, https:\/\/www.mntk.es\/bike\/wp-content\/uploads\/2020\/05\/DSCN3949.jpg 1600w\" sizes=\"auto, (max-width: 1024px) 100vw, 1024px\" \/><\/figure>\n\n\n\n<ul class=\"wp-block-list\"><li><a href=\"https:\/\/www.mntk.es\/bike\/acantilados\/\">Acantilados<\/a><\/li><li><a href=\"https:\/\/www.mntk.es\/bike\/ermita-de-el-cuervo\/\">Ermita de El Cuervo<\/a><\/li><li><a href=\"https:\/\/www.mntk.es\/bike\/via-verde-de-la-sierra-de-cadiz\/\">Via verde de la sierra de C\u00e1diz<\/a><\/li><li><a href=\"https:\/\/www.mntk.es\/bike\/castillo-de-fatetar\/\">Castillo de Fatetar<\/a><\/li><li><a href=\"https:\/\/www.mntk.es\/bike\/ruta-de-los-caballos\/\">Ruta de los caballos<\/a><\/li><li><a href=\"https:\/\/www.mntk.es\/bike\/ruta-del-guadalquivir\/\">Ruta del Guadalquivir<\/a><\/li><li><a href=\"https:\/\/www.mntk.es\/bike\/los-canos-extreme\/\">Los Ca\u00f1os Extreme<\/a><\/li><li><a href=\"https:\/\/www.mntk.es\/bike\/rio-arillo-y-cerro-de-los-martires\/\">R\u00edo Arillo y cerro de los M\u00e1rtires<\/a><\/li><li><a href=\"https:\/\/www.mntk.es\/bike\/ruta-especial\/\">Ruta especial<\/a><\/li><li><a href=\"https:\/\/www.mntk.es\/bike\/ruta-de-la-luz\/\">Ruta de la luz<\/a><\/li><li><a href=\"https:\/\/www.mntk.es\/bike\/salinas-de-chiclana\/\">Salinas de Chiclana<\/a><\/li><\/ul>\n\n\n\n<p class=\"has-medium-font-size\"><strong>Cicloturistas y Maratones<\/strong><\/p>\n\n\n\n<p>Tambi\u00e9n se participaba en cicloturistas y maratones donde el club sol\u00eda destacar por su gran n\u00famero de participantes en las pruebas y por algunas de sus principales figuras, que obten\u00edan diferentes trofeos.<\/p>\n\n\n\n<figure class=\"wp-block-image size-large\"><img loading=\"lazy\" decoding=\"async\" width=\"1024\" height=\"768\" src=\"https:\/\/www.mntk.es\/bike\/wp-content\/uploads\/2020\/05\/DSCN6505-1024x768.jpg\" alt=\"\" class=\"wp-image-7148\" srcset=\"https:\/\/www.mntk.es\/bike\/wp-content\/uploads\/2020\/05\/DSCN6505-1024x768.jpg 1024w, https:\/\/www.mntk.es\/bike\/wp-content\/uploads\/2020\/05\/DSCN6505-300x225.jpg 300w, https:\/\/www.mntk.es\/bike\/wp-content\/uploads\/2020\/05\/DSCN6505-768x576.jpg 768w, https:\/\/www.mntk.es\/bike\/wp-content\/uploads\/2020\/05\/DSCN6505-1536x1152.jpg 1536w, https:\/\/www.mntk.es\/bike\/wp-content\/uploads\/2020\/05\/DSCN6505.jpg 1600w\" sizes=\"auto, (max-width: 1024px) 100vw, 1024px\" \/><\/figure>\n\n\n\n<ul class=\"wp-block-list\"><li><a href=\"https:\/\/www.mntk.es\/bike\/tramo-cicloturista-de-la-ruta-del-vino\/\">Tramo Cicloturista de la ruta del Vino<\/a><\/li><li><a href=\"https:\/\/www.mntk.es\/bike\/montecoche-2007\/\">Montecoche 2007<\/a><\/li><li><a href=\"https:\/\/www.mntk.es\/bike\/i-ruta-del-aguardiente-y-el-anis\/\">I Ruta del Aguardiente y el An\u00eds<\/a><\/li><\/ul>\n\n\n\n<p><\/p>\n","protected":false},"excerpt":{"rendered":"<p>En esta colecci\u00f3n de Galer\u00edas tenemos seis grupos de \u00e1lbumes de distintas actividades ciclista de aquella \u00e9poca. El Bike Jerez ten\u00eda tres d\u00edas de salidas a la semana: los mi\u00e9rcoles, s\u00e1bados y domingos. Cada&#46;&#46;&#46;<\/p>\n","protected":false},"author":2,"featured_media":0,"parent":0,"menu_order":0,"comment_status":"closed","ping_status":"closed","template":"","meta":{"footnotes":""},"class_list":["post-7030","page","type-page","status-publish","hentry"],"_links":{"self":[{"href":"https:\/\/www.mntk.es\/bike\/wp-json\/wp\/v2\/pages\/7030","targetHints":{"allow":["GET"]}}],"collection":[{"href":"https:\/\/www.mntk.es\/bike\/wp-json\/wp\/v2\/pages"}],"about":[{"href":"https:\/\/www.mntk.es\/bike\/wp-json\/wp\/v2\/types\/page"}],"author":[{"embeddable":true,"href":"https:\/\/www.mntk.es\/bike\/wp-json\/wp\/v2\/users\/2"}],"replies":[{"embeddable":true,"href":"https:\/\/www.mntk.es\/bike\/wp-json\/wp\/v2\/comments?post=7030"}],"version-history":[{"count":56,"href":"https:\/\/www.mntk.es\/bike\/wp-json\/wp\/v2\/pages\/7030\/revisions"}],"predecessor-version":[{"id":7302,"href":"https:\/\/www.mntk.es\/bike\/wp-json\/wp\/v2\/pages\/7030\/revisions\/7302"}],"wp:attachment":[{"href":"https:\/\/www.mntk.es\/bike\/wp-json\/wp\/v2\/media?parent=7030"}],"curies":[{"name":"wp","href":"https:\/\/api.w.org\/{rel}","templated":true}]}}